 the highest common divisor of 4092 and 60?
12
Calculate the highest common divisor of 2 and 274.
2
Calculate the greatest common factor of 9 and 36.
9
Calculate the greatest common factor of 189 and 441.
63
What is the greatest common divisor of 1829 and 59?
59
What is the greatest common divisor of 1971 and 73?
73
What is the highest common factor of 490 and 14?
14
What is the highest common divisor of 258 and 18?
6
Calculate the highest common factor of 16 and 328.
8
What is the greatest common divisor of 415 and 10?
5
Calculate the highest common factor of 125 and 1.
1
Calculate the highest common divisor of 684 and 8.
4
Calculate the highest common divisor of 4313 and 323.
19
Calculate the highest common factor of 46 and 14697.
23
What is the highest common divisor of 30 and 10?
10
What is the highest common divisor of 10804 and 111?
37
Calculate the highest common factor of 490 and 294.
98
What is the highest common divisor of 48 and 128?
16
Calculate the greatest common divisor of 36 and 6633.
9
Calculate the greatest common divisor of 2032 and 32.
16
Calculate the greatest common factor of 153 and 5661.
153
Calculate the highest common factor of 217 and 341.
31
What is the greatest common divisor of 126 and 1113?
21
What is the highest common divisor of 33 and 946?
11
Calculate the highest common factor of 873 and 9.
9
What is the greatest common divisor of 15528 and 72?
24
What is the greatest common divisor of 1781 and 959?
137
What is the highest common factor of 112 and 64?
16
Calculate the greatest common factor of 184 and 4324.
92
Calculate the greatest common factor of 2256 and 47.
47
Calculate the highest common divisor of 195 and 9399.
39
What is the highest common factor of 360 and 45?
45
Calculate the highest common factor of 11 and 1397.
11
What is the greatest common factor of 21 and 130263?
21
What is the highest common factor of 2 and 46?
2
What is the greatest common divisor of 2772 and 297?
99
Calculate the greatest common divisor of 7 and 1687.
7
Calculate the highest common divisor of 285 and 45.
15
Calculate the highest common factor of 52 and 16406.
26
What is the greatest common divisor of 36 and 20502?
18
Calculate the highest common divisor of 30 and 2110.
10
Calculate the highest common divisor of 16646 and 1435.
287
What is the greatest common divisor of 64 and 28?
4
Calculate the highest common divisor of 57 and 3059.
19
Calculate the greatest common divisor of 126 and 261.
9
What is the highest common divisor of 144 and 1116?
36
Calculate the highest common factor of 108 and 125280.
108
Calculate the greatest common divisor of 20 and 1250.
10
Calculate the greatest common factor of 8190 and 156.
78
What is the greatest common factor of 34 and 11169?
17
What is the greatest common divisor of 1134 and 112?
14
What is the highest common factor of 22090 and 40?
10
Calculate the highest common divisor of 232 and 29.
29
What is the greatest common divisor of 40640 and 320?
320
Calculate the highest common factor of 4 and 160.
4
Calculate the highest common divisor of 285 and 19.
19
Calculate the greatest common divisor of 1 and 5531.
1
Calculate the greatest common factor of 32875 and 263.
263
What is the highest common divisor of 9412 and 52?
52
Calculate the greatest common divisor of 432 and 720.
144
What is the highest common divisor of 154 and 68?
2
What is the greatest common divisor of 53 and 1113?
53
What is the greatest common factor of 17249 and 188?
47
Calculate the greatest common divisor of 37020 and 240.
60
What is the highest common divisor of 70 and 7805?
35
Calculate the highest common divisor of 637 and 49.
49
Calculate the highest common factor of 28381 and 281.
281
Calculate the greatest common divisor of 118 and 4.
2
Calculate the greatest common divisor of 2520 and 30.
30
What is the highest common divisor of 66 and 12419?
11
Calculate the highest common divisor of 45 and 72.
9
Calculate the highest common factor of 18 and 576.
18
What is the highest common divisor of 16 and 1424?
16
Calculate the greatest common divisor of 76 and 8.
4
What is the greatest common factor of 30 and 176?
2
Calculate the highest common factor of 5660 and 20.
20
Calculate the greatest common divisor of 7190 and 90.
10
Calculate the greatest common factor of 633 and 3.
3
Calculate the greatest common divisor of 14 and 2254.
14
Calculate the highest common factor of 69 and 115.
23
Calculate the greatest common factor of 3610 and 10.
10
Calculate the highest common factor of 925 and 25.
25
Calculate the highest common factor of 78 and 18.
6
Calculate the highest common factor of 94 and 611.
47
What is the greatest common factor of 16 and 464?
16
What is the highest common factor of 135 and 1971?
27
What is the highest common factor of 29 and 667?
29
What is the highest common divisor of 177 and 15753?
177
What is the highest common divisor of 40 and 5840?
40
What is the highest common divisor of 495 and 765?
45
Calculate the highest common divisor of 36 and 96.
12
Calculate the highest common factor of 27 and 243.
27
Calculate the greatest common divisor of 3799 and 29.
29
What is the greatest common divisor of 306 and 357?
51
What is the highest common divisor of 816 and 24?
24
Calculate the greatest common divisor of 13 and 3653.
13
Calculate the greatest common factor of 621 and 675.
27
Calculate the greatest common factor of 6468 and 132.
132
What is the highest common divisor of 34 and 153?
17
Calculate the highest common factor of 323 and 5567.
19
Calculate the greatest common factor of 6 and 1968.
6
What is the highest common factor of 24 and 4584?
24
Calculate the greatest common factor of 240 and 88.
8
What is the highest common divisor of 49 and 161?
7
What is the greatest common divisor of 22 and 47?
1
Calculate the highest common divisor of 13 and 1417.
13
What is the highest common factor of 64 and 608?
32
Calculate the highest common factor of 2769 and 39.
39
What is the highest common factor of 69 and 2553?
69
Calculate the greatest common factor of 70 and 630.
70
What is the highest common divisor of 1606 and 66?
22
What is the greatest common factor of 5 and 1640?
5
Calculate the highest common divisor of 186 and 19158.
186
What is the highest common divisor of 6 and 6?
6
What is the highest common divisor of 2272 and 16?
16
What is the highest common factor of 273 and 48?
3
What is the highest common factor of 5764 and 176?
44
What is the highest common factor of 21 and 1?
1
What is the greatest common divisor of 856 and 104?
8
What is the greatest common factor of 2290 and 40?
10
Calculate the highest common divisor of 190 and 50.
10
What is the highest common divisor of 363 and 66?
33
What is the greatest common factor of 972 and 36?
36
Calculate the highest common factor of 5 and 125.
5
What is the highest common divisor of 357 and 126?
21
What is the greatest common divisor of 935 and 17?
17
Calculate the highest common factor of 196 and 539.
49
Calculate the highest common divisor of 9000 and 585.
45
What is the greatest common factor of 49 and 49?
49
Calculate the highest common factor of 40 and 8920.
40
Calculate the greatest common factor of 224 and 616.
56
What is the greatest common factor of 2863 and 14?
7
What is the greatest common factor of 212 and 14204?
212
What is the highest common divisor of 406 and 145?
29
Calculate the greatest common factor of 492 and 12.
12
What is the greatest common divisor of 22 and 206?
2
What is the highest common factor of 4110 and 60?
30
Calculate the greatest common factor of 62 and 310.
62
Calculate the highest common divisor of 24 and 27656.
8
What is the highest common divisor of 47784 and 24?
24
What is the highest common factor of 801 and 9?
9
What is the greatest common divisor of 165 and 385?
55
What is the greatest common factor of 392 and 7252?
196
Calculate the greatest common factor of 37 and 296.
37
What is the highest common factor of 114 and 4902?
114
Calculate the highest common divisor of 3159 and 546.
39
What is the greatest common divisor of 294 and 420?
42
Calculate the highest common divisor of 21 and 49.
7
Calculate the greatest common divisor of 17 and 56865.
17
What is the highest common divisor of 73 and 1168?
73
What is th